{"id":5000,"date":"2023-02-14T16:42:16","date_gmt":"2023-02-14T19:42:16","guid":{"rendered":"https:\/\/www.sintespar.com.br\/portal\/?page_id=5000"},"modified":"2023-02-17T16:03:18","modified_gmt":"2023-02-17T19:03:18","slug":"downloads","status":"publish","type":"page","link":"https:\/\/www.sintespar.com.br\/portal\/downloads\/","title":{"rendered":"Downloads"},"content":{"rendered":"\t\t<div data-elementor-type=\"wp-page\" data-elementor-id=\"5000\" class=\"elementor elementor-5000\">\n\t\t\t\t\t\t\t\t\t<section class=\"has-el-gap el-gap-default elementor-section elementor-top-section elementor-element elementor-element-b900770 elementor-section-boxed elementor-section-height-default elementor-section-height-default\" data-id=\"b900770\" data-element_type=\"section\">\n\t\t\t\t\t\t<div class=\"elementor-container elementor-column-gap-no\">\n\t\t\t\t\t<div class=\"elementor-column elementor-col-100 elementor-top-column elementor-element elementor-element-585d700\" data-id=\"585d700\" data-element_type=\"column\">\n\t\t\t<div class=\"elementor-widget-wrap elementor-element-populated\">\n\t\t\t\t\t\t\t\t<div class=\"elementor-element elementor-element-203ed97 elementor-invisible elementor-widget elementor-widget-image\" data-id=\"203ed97\" data-element_type=\"widget\" data-settings=\"{&quot;_animation&quot;:&quot;fadeInRight&quot;}\" data-widget_type=\"image.default\">\n\t\t\t\t<div class=\"elementor-widget-container\">\n\t\t\t<style>\/*! elementor - v3.8.1 - 13-11-2022 *\/\n.elementor-widget-image{text-align:center}.elementor-widget-image a{display:inline-block}.elementor-widget-image a img[src$=\".svg\"]{width:48px}.elementor-widget-image img{vertical-align:middle;display:inline-block}<\/style>\t\t\t\t\t\t\t\t\t\t\t\t<img decoding=\"async\" src=\"https:\/\/www.sintespar.com.br\/portal\/wp-content\/uploads\/elementor\/thumbs\/botao-de-download-em-png-queroimagem-ceica-crispim-q25wjjk4mgr6kom1j48k9w21jxkpt2p6ypg9zy4rx4.png\" title=\"bot\u00e3o-de-download&#8211;em-png-queroimagem-cei\u00e7a-crispim\" alt=\"bot\u00e3o-de-download--em-png-queroimagem-cei\u00e7a-crispim\" \/>\t\t\t\t\t\t\t\t\t\t\t\t\t\t\t<\/div>\n\t\t\t\t<\/div>\n\t\t\t\t<div class=\"elementor-element elementor-element-55f041b elementor-widget elementor-widget-text-editor\" data-id=\"55f041b\" data-element_type=\"widget\" data-widget_type=\"text-editor.default\">\n\t\t\t\t<div class=\"elementor-widget-container\">\n\t\t\t<style>\/*! elementor - v3.8.1 - 13-11-2022 *\/\n.elementor-widget-text-editor.elementor-drop-cap-view-stacked .elementor-drop-cap{background-color:#818a91;color:#fff}.elementor-widget-text-editor.elementor-drop-cap-view-framed .elementor-drop-cap{color:#818a91;border:3px solid;background-color:transparent}.elementor-widget-text-editor:not(.elementor-drop-cap-view-default) .elementor-drop-cap{margin-top:8px}.elementor-widget-text-editor:not(.elementor-drop-cap-view-default) .elementor-drop-cap-letter{width:1em;height:1em}.elementor-widget-text-editor .elementor-drop-cap{float:left;text-align:center;line-height:1;font-size:50px}.elementor-widget-text-editor .elementor-drop-cap-letter{display:inline-block}<\/style>\t\t\t\t<ul><li><p><a href=\"\/portal\/convencoes\/\" rel=\"noopener\">Conven\u00e7\u00f5es<\/a><\/p><\/li><li><a href=\"http:\/\/www.sintespar.com.br\/estatutosintespar.pdf\" target=\"_blank\" rel=\"noopener\">Estatuto do SINTESPAR<\/a><\/li><li><a href=\"http:\/\/www.sintespar.com.br\/fichaassociacao.doc\" target=\"_blank\" rel=\"noopener\">Ficha de associa\u00e7\u00e3o<\/a><\/li><li><a href=\"http:\/\/www.sintespar.com.br\/LivroSaudeWeb.pdf\" target=\"_blank\" rel=\"noopener\">Sa\u00fade e Seguran\u00e7a no Trabalho no Brasil: Aspectos institucionais, Sistemas de Informa\u00e7\u00e3o e Indicadores<\/a>\u00a0&#8211; FUNDACENTRO<\/li><\/ul>\t\t\t\t\t\t<\/div>\n\t\t\t\t<\/div>\n\t\t\t\t\t<\/div>\n\t\t<\/div>\n\t\t\t\t\t\t\t<\/div>\n\t\t<\/section>\n\t\t\t\t\t\t\t<\/div>\n\t\t","protected":false},"excerpt":{"rendered":"<p>Conven\u00e7\u00f5es Estatuto do SINTESPAR Ficha de associa\u00e7\u00e3o Sa\u00fade e Seguran\u00e7a no Trabalho no Brasil: Aspectos institucionais, Sistemas de Informa\u00e7\u00e3o e Indicadores\u00a0&#8211; FUNDACENTRO<\/p>\n","protected":false},"author":1,"featured_media":0,"parent":0,"menu_order":0,"comment_status":"closed","ping_status":"closed","template":"page-templates\/authors.php","meta":{"_joinchat":[]},"_links":{"self":[{"href":"https:\/\/www.sintespar.com.br\/portal\/wp-json\/wp\/v2\/pages\/5000"}],"collection":[{"href":"https:\/\/www.sintespar.com.br\/portal\/wp-json\/wp\/v2\/pages"}],"about":[{"href":"https:\/\/www.sintespar.com.br\/portal\/wp-json\/wp\/v2\/types\/page"}],"author":[{"embeddable":true,"href":"https:\/\/www.sintespar.com.br\/portal\/wp-json\/wp\/v2\/users\/1"}],"replies":[{"embeddable":true,"href":"https:\/\/www.sintespar.com.br\/portal\/wp-json\/wp\/v2\/comments?post=5000"}],"version-history":[{"count":40,"href":"https:\/\/www.sintespar.com.br\/portal\/wp-json\/wp\/v2\/pages\/5000\/revisions"}],"predecessor-version":[{"id":5593,"href":"https:\/\/www.sintespar.com.br\/portal\/wp-json\/wp\/v2\/pages\/5000\/revisions\/5593"}],"wp:attachment":[{"href":"https:\/\/www.sintespar.com.br\/portal\/wp-json\/wp\/v2\/media?parent=5000"}],"curies":[{"name":"wp","href":"https:\/\/api.w.org\/{rel}","templated":true}]}}