{"id":5435,"date":"2023-02-16T21:05:38","date_gmt":"2023-02-17T00:05:38","guid":{"rendered":"https:\/\/www.sintespar.com.br\/portal\/?page_id=5435"},"modified":"2023-02-16T21:14:23","modified_gmt":"2023-02-17T00:14:23","slug":"denuncia-sintespar","status":"publish","type":"page","link":"https:\/\/www.sintespar.com.br\/portal\/denuncia-sintespar\/","title":{"rendered":"SINTESPAR"},"content":{"rendered":"\t\t<div data-elementor-type=\"wp-page\" data-elementor-id=\"5435\" class=\"elementor elementor-5435\">\n\t\t\t\t\t\t\t\t\t<section class=\"has-el-gap el-gap-default elementor-section elementor-top-section elementor-element elementor-element-5203d3a elementor-section-boxed elementor-section-height-default elementor-section-height-default\" data-id=\"5203d3a\" data-element_type=\"section\">\n\t\t\t\t\t\t<div class=\"elementor-container elementor-column-gap-no\">\n\t\t\t\t\t<div class=\"elementor-column elementor-col-100 elementor-top-column elementor-element elementor-element-e9c1f72\" data-id=\"e9c1f72\" data-element_type=\"column\">\n\t\t\t<div class=\"elementor-widget-wrap elementor-element-populated\">\n\t\t\t\t\t\t\t\t<div class=\"elementor-element elementor-element-f75b62c elementor-widget elementor-widget-text-editor\" data-id=\"f75b62c\" data-element_type=\"widget\" data-widget_type=\"text-editor.default\">\n\t\t\t\t<div class=\"elementor-widget-container\">\n\t\t\t<style>\/*! elementor - v3.8.1 - 13-11-2022 *\/\n.elementor-widget-text-editor.elementor-drop-cap-view-stacked .elementor-drop-cap{background-color:#818a91;color:#fff}.elementor-widget-text-editor.elementor-drop-cap-view-framed .elementor-drop-cap{color:#818a91;border:3px solid;background-color:transparent}.elementor-widget-text-editor:not(.elementor-drop-cap-view-default) .elementor-drop-cap{margin-top:8px}.elementor-widget-text-editor:not(.elementor-drop-cap-view-default) .elementor-drop-cap-letter{width:1em;height:1em}.elementor-widget-text-editor .elementor-drop-cap{float:left;text-align:center;line-height:1;font-size:50px}.elementor-widget-text-editor .elementor-drop-cap-letter{display:inline-block}<\/style>\t\t\t\t<header class=\"post-header\"><h1 class=\"main-heading\">Den\u00fancia<\/h1><\/header><div class=\"post-content\"><div class=\"elementor elementor-4686\" data-elementor-type=\"wp-page\" data-elementor-id=\"4686\"><section class=\"has-el-gap el-gap-default elementor-section elementor-top-section elementor-element elementor-element-f4cec2c elementor-section-boxed elementor-section-height-default elementor-section-height-default\" data-id=\"f4cec2c\" data-element_type=\"section\"><div class=\"elementor-container elementor-column-gap-no\"><div class=\"elementor-column elementor-col-100 elementor-top-column elementor-element elementor-element-3f5badb\" data-id=\"3f5badb\" data-element_type=\"column\"><div class=\"elementor-widget-wrap elementor-element-populated\"><div class=\"elementor-element elementor-element-ad76443 post-content elementor-widget elementor-widget-text-editor\" data-id=\"ad76443\" data-element_type=\"widget\" data-widget_type=\"text-editor.default\"><div class=\"elementor-widget-container\"><h6><img decoding=\"async\" loading=\"lazy\" class=\"wp-image-4756 alignleft\" src=\"https:\/\/www.sintespar.com.br\/portal\/wp-content\/uploads\/2023\/02\/canal-de-denuncia-icon.png\" sizes=\"(max-width: 121px) 100vw, 121px\" srcset=\"https:\/\/www.sintespar.com.br\/portal\/wp-content\/uploads\/2023\/02\/canal-de-denuncia-icon.png 253w, https:\/\/www.sintespar.com.br\/portal\/wp-content\/uploads\/2023\/02\/canal-de-denuncia-icon-150x150.png 150w\" alt=\"\" width=\"121\" height=\"121\" \/><\/h6><h3><strong>Aos colegas t\u00e9cnicos, criamos este instrumento para melhor fiscalizarmos as condi\u00e7\u00f5es de trabalho indignas no Estado do Paran\u00e1. Principalmente na quest\u00e3o do SESMT, as organiza\u00e7\u00f5es que n\u00e3o cumprem a lei ser\u00e3o fiscalizadas. Isto se chama controle social e direito do cidad\u00e3o.<\/strong><\/h3><p>Fa\u00e7a a sua den\u00fancia com responsabilidade, evitando assim as penalidades legais, os seus dados e identidade ser\u00e3o mantidos em sigilo.<\/p><\/div><\/div><div class=\"elementor-element elementor-element-5c9a565 elementor-button-align-stretch elementor-widget elementor-widget-form\" data-id=\"5c9a565\" data-element_type=\"widget\" data-settings=\"{&quot;step_next_label&quot;:&quot;Next&quot;,&quot;step_previous_label&quot;:&quot;Previous&quot;,&quot;button_width&quot;:&quot;100&quot;,&quot;step_type&quot;:&quot;number_text&quot;,&quot;step_icon_shape&quot;:&quot;circle&quot;}\" data-widget_type=\"form.default\"><div class=\"elementor-widget-container\"><form class=\"elementor-form\" method=\"post\" name=\"New Form\"><div class=\"elementor-form-fields-wrapper elementor-labels-\"><div class=\"elementor-field-type-text elementor-field-group elementor-column elementor-field-group-name elementor-col-100\"><label class=\"elementor-field-label elementor-screen-only\" for=\"form-field-name\">Organiza\u00e7\u00e3o Denunciada<\/label><input id=\"form-field-name\" class=\"elementor-field elementor-size-sm  elementor-field-textual\" name=\"form_fields[name]\" size=\"1\" type=\"text\" placeholder=\"Organiza\u00e7\u00e3o Denunciada\" \/><\/div><div class=\"elementor-field-type-text elementor-field-group elementor-column elementor-field-group-name elementor-col-100\"><label class=\"elementor-field-label elementor-screen-only\" for=\"form-field-name\">Endere\u00e7o da Organiza\u00e7\u00e3o<\/label><input id=\"form-field-name\" class=\"elementor-field elementor-size-sm  elementor-field-textual\" name=\"form_fields[name]\" size=\"1\" type=\"text\" placeholder=\"Endere\u00e7o da Organiza\u00e7\u00e3o\" \/><\/div><div class=\"elementor-field-type-email elementor-field-group elementor-column elementor-field-group-email elementor-col-100 elementor-field-required\"><label class=\"elementor-field-label elementor-screen-only\" for=\"form-field-email\">Email<\/label><input id=\"form-field-email\" class=\"elementor-field elementor-size-sm  elementor-field-textual\" name=\"form_fields[email]\" required=\"required\" size=\"1\" type=\"email\" placeholder=\"Email\" aria-required=\"true\" \/><\/div><div class=\"elementor-field-type-text elementor-field-group elementor-column elementor-field-group-message elementor-col-100\"><label class=\"elementor-field-label elementor-screen-only\" for=\"form-field-message\">Nome Completo<\/label><input id=\"form-field-message\" class=\"elementor-field elementor-size-sm  elementor-field-textual\" name=\"form_fields[message]\" size=\"1\" type=\"text\" placeholder=\"Nome Completo\" \/><\/div><div class=\"elementor-field-type-textarea elementor-field-group elementor-column elementor-field-group-field_93e945d elementor-col-100\"><label class=\"elementor-field-label elementor-screen-only\" for=\"form-field-field_93e945d\">Mensagem<\/label><textarea id=\"form-field-field_93e945d\" class=\"elementor-field-textual elementor-field  elementor-size-sm\" name=\"form_fields[field_93e945d]\" rows=\"4\" placeholder=\"Mensagem\"><\/textarea><\/div><div class=\"elementor-field-group elementor-column elementor-field-type-submit elementor-col-100 e-form__buttons\"><button class=\"elementor-button elementor-size-sm\" type=\"submit\"><i class=\"far fa-address-card\" aria-hidden=\"true\"><\/i><span class=\"elementor-button-text\">ENVIAR DEN\u00daNCIA<\/span><\/button><\/div><\/div><\/form><\/div><\/div><\/div><\/div><\/div><\/section><\/div><\/div>\t\t\t\t\t\t<\/div>\n\t\t\t\t<\/div>\n\t\t\t\t\t<\/div>\n\t\t<\/div>\n\t\t\t\t\t\t\t<\/div>\n\t\t<\/section>\n\t\t\t\t\t\t\t<\/div>\n\t\t","protected":false},"excerpt":{"rendered":"<p>Den\u00fancia Aos colegas t\u00e9cnicos, criamos este instrumento para melhor fiscalizarmos as condi\u00e7\u00f5es de trabalho indignas no Estado do Paran\u00e1. Principalmente na quest\u00e3o do SESMT, as organiza\u00e7\u00f5es que n\u00e3o cumprem a lei ser\u00e3o fiscalizadas. Isto se chama controle social e direito do cidad\u00e3o. Fa\u00e7a a sua den\u00fancia com responsabilidade, evitando assim as penalidades legais, os seus<\/p>\n","protected":false},"author":1,"featured_media":0,"parent":0,"menu_order":0,"comment_status":"closed","ping_status":"closed","template":"page-templates\/authors.php","meta":{"_joinchat":[]},"_links":{"self":[{"href":"https:\/\/www.sintespar.com.br\/portal\/wp-json\/wp\/v2\/pages\/5435"}],"collection":[{"href":"https:\/\/www.sintespar.com.br\/portal\/wp-json\/wp\/v2\/pages"}],"about":[{"href":"https:\/\/www.sintespar.com.br\/portal\/wp-json\/wp\/v2\/types\/page"}],"author":[{"embeddable":true,"href":"https:\/\/www.sintespar.com.br\/portal\/wp-json\/wp\/v2\/users\/1"}],"replies":[{"embeddable":true,"href":"https:\/\/www.sintespar.com.br\/portal\/wp-json\/wp\/v2\/comments?post=5435"}],"version-history":[{"count":11,"href":"https:\/\/www.sintespar.com.br\/portal\/wp-json\/wp\/v2\/pages\/5435\/revisions"}],"predecessor-version":[{"id":5447,"href":"https:\/\/www.sintespar.com.br\/portal\/wp-json\/wp\/v2\/pages\/5435\/revisions\/5447"}],"wp:attachment":[{"href":"https:\/\/www.sintespar.com.br\/portal\/wp-json\/wp\/v2\/media?parent=5435"}],"curies":[{"name":"wp","href":"https:\/\/api.w.org\/{rel}","templated":true}]}}